{"id":45,"date":"2024-05-10T11:10:35","date_gmt":"2024-05-10T11:10:35","guid":{"rendered":"https:\/\/centre.gure-etxea.com\/?page_id=45"},"modified":"2024-05-15T16:25:49","modified_gmt":"2024-05-15T16:25:49","slug":"dades-de-contacte","status":"publish","type":"page","link":"https:\/\/centre.gure-etxea.com\/index.php\/dades-de-contacte\/","title":{"rendered":"Dades de contacte"},"content":{"rendered":"\t\t<div data-elementor-type=\"wp-page\" data-elementor-id=\"45\" class=\"elementor elementor-45\" data-elementor-post-type=\"page\">\n\t\t\t\t<div class=\"elementor-element elementor-element-1efa7e8 e-flex e-con-boxed e-con e-parent\" data-id=\"1efa7e8\" data-element_type=\"container\">\n\t\t\t\t\t<div class=\"e-con-inner\">\n\t\t\t\t<div class=\"elementor-element elementor-element-a2476d6 elementor-widget elementor-widget-text-editor\" data-id=\"a2476d6\" data-element_type=\"widget\" data-widget_type=\"text-editor.default\">\n\t\t\t\t<div class=\"elementor-widget-container\">\n\t\t\t\t\t\t\t\t\t<h5 data-sourcepos=\"1:1-1:31\">(*) Consulta la nostra <a href=\"https:\/\/centre.gure-etxea.com\/index.php\/politica-de-privacitat\/\">Pol\u00edtica de Privacitat<\/a><\/h5>\t\t\t\t\t\t\t\t<\/div>\n\t\t\t\t<\/div>\n\t\t\t\t\t<\/div>\n\t\t\t\t<\/div>\n\t\t<div class=\"elementor-element elementor-element-945cecd e-grid e-con-boxed e-con e-parent\" data-id=\"945cecd\" data-element_type=\"container\">\n\t\t\t\t\t<div class=\"e-con-inner\">\n\t\t\t\t<div class=\"elementor-element elementor-element-1b80c0d elementor-widget elementor-widget-text-editor\" data-id=\"1b80c0d\" data-element_type=\"widget\" data-widget_type=\"text-editor.default\">\n\t\t\t\t<div class=\"elementor-widget-container\">\n\t\t\t\t\t\t\t\t\t<div><div><h2 data-sourcepos=\"1:1-1:21\"><strong>INFORMACI\u00d3 GENERAL<\/strong><\/h2><p data-sourcepos=\"3:1-3:28\"><span style=\"color: #13aef1;\"><strong>GER\u00c8NCIA I ADMINISTRACI\u00d3<\/strong><\/span><\/p><p data-sourcepos=\"3:1-3:28\">Sra. Itziar Santiago<br \/>Tel.:675686109<\/p><p data-sourcepos=\"3:1-3:28\">Correu electr\u00f2nic: <br \/><a href=\"mailto:info@gure-etxea.com\">info@gure-etxea.com<\/a><\/p><p data-sourcepos=\"5:1-5:18\"><strong><span style=\"color: #13aef1;\">INFORMACI\u00d3 I RESERVES<\/span><\/strong><\/p><p data-sourcepos=\"5:1-5:18\">Sra. Mar\u00eda Santiago <br \/>Tel.: 673 536 573<\/p><h2 data-sourcepos=\"9:1-9:11\">PLANTAS<\/h2><p data-sourcepos=\"11:1-11:14\"><strong><span style=\"color: #13aef1;\">PRIMER PIS<\/span><\/strong><\/p><p data-sourcepos=\"13:1-13:18\">Tel.: 677 27 32 65<\/p><p data-sourcepos=\"15:1-15:17\"><span style=\"color: #13aef1;\"><strong>PIS PRINCIPAL<\/strong><\/span><\/p><p data-sourcepos=\"17:1-17:18\">Tel.: 664 48 88 62<\/p><\/div><\/div>\t\t\t\t\t\t\t\t<\/div>\n\t\t\t\t<\/div>\n\t\t\t\t<div class=\"elementor-element elementor-element-b52d9d3 elementor-widget elementor-widget-text-editor\" data-id=\"b52d9d3\" data-element_type=\"widget\" data-widget_type=\"text-editor.default\">\n\t\t\t\t<div class=\"elementor-widget-container\">\n\t\t\t\t\t\t\t\t\t<div><div><h2 data-sourcepos=\"1:1-1:21\"><strong>PROFESSIONALS<\/strong><\/h2><\/div><\/div><div><p data-sourcepos=\"3:1-3:14\"><span style=\"color: #13aef1;\"><strong>INFERMERIA<\/strong><\/span><\/p><p data-sourcepos=\"5:1-6:14\">Tel.: 677 27 32 30 <br \/>Correu electr\u00f2nic: <a href=\"mailto:enfermeria@gure-etxea.com\">enfermeria@gure-etxea.com<\/a><\/p><p data-sourcepos=\"8:1-8:20\"><span style=\"color: #13aef1;\"><strong>EDUCADORA SOCIAL<\/strong><\/span><\/p><p data-sourcepos=\"10:1-10:21\">Tel.: 675 685 509 <br \/>Correu electr\u00f2nic: <a href=\"mailto:animacion@gure-etxea.com\">animacion@gure-etxea.com<\/a><\/p><p data-sourcepos=\"13:1-13:23\"><strong><span style=\"color: #13aef1;\">TREBALLADORA SOCIAL<\/span><\/strong><\/p><p data-sourcepos=\"15:1-15:14\">Tel.: 675 685 509 <br \/>Correu electr\u00f2nic: <a href=\"mailto:social@gure-etxea.com\">social@gure-etxea.com<\/a><\/p><p data-sourcepos=\"18:1-18:18\"><strong><span style=\"color: #13aef1;\">FISIOTERAPEUTA<\/span><\/strong><\/p><p data-sourcepos=\"20:1-20:3\">Tel.: 675 685 509 <br \/>Correu electr\u00f2nic:<br \/><a href=\"mailto:fisio@gure-etxea.com\">fisio@gure-etxea.com<\/a><\/p><\/div>\t\t\t\t\t\t\t\t<\/div>\n\t\t\t\t<\/div>\n\t\t\t\t\t<\/div>\n\t\t\t\t<\/div>\n\t\t\t\t<\/div>\n\t\t","protected":false},"excerpt":{"rendered":"<p>(*) Consulta la nostra Pol\u00edtica de Privacitat INFORMACI\u00d3 GENERAL GER\u00c8NCIA I ADMINISTRACI\u00d3 Sra. Itziar SantiagoTel.:675686109 Correu electr\u00f2nic: info@gure-etxea.com INFORMACI\u00d3 I RESERVES Sra. Mar\u00eda Santiago Tel.: 673 536 573 PLANTAS PRIMER PIS Tel.: 677 27 32 65 PIS PRINCIPAL Tel.: 664 48 88 62 PROFESSIONALS INFERMERIA Tel.: 677 27 32 30 Correu electr\u00f2nic: enfermeria@gure-etxea.com EDUCADORA SOCIAL [&hellip;]<\/p>\n","protected":false},"author":2,"featured_media":0,"parent":0,"menu_order":0,"comment_status":"closed","ping_status":"closed","template":"","meta":{"ocean_post_layout":"","ocean_both_sidebars_style":"","ocean_both_sidebars_content_width":0,"ocean_both_sidebars_sidebars_width":0,"ocean_sidebar":"0","ocean_second_sidebar":"0","ocean_disable_margins":"enable","ocean_add_body_class":"","ocean_shortcode_before_top_bar":"","ocean_shortcode_after_top_bar":"","ocean_shortcode_before_header":"","ocean_shortcode_after_header":"","ocean_has_shortcode":"","ocean_shortcode_after_title":"","ocean_shortcode_before_footer_widgets":"","ocean_shortcode_after_footer_widgets":"","ocean_shortcode_before_footer_bottom":"","ocean_shortcode_after_footer_bottom":"","ocean_display_top_bar":"default","ocean_display_header":"default","ocean_header_style":"","ocean_center_header_left_menu":"0","ocean_custom_header_template":"0","ocean_custom_logo":0,"ocean_custom_retina_logo":0,"ocean_custom_logo_max_width":0,"ocean_custom_logo_tablet_max_width":0,"ocean_custom_logo_mobile_max_width":0,"ocean_custom_logo_max_height":0,"ocean_custom_logo_tablet_max_height":0,"ocean_custom_logo_mobile_max_height":0,"ocean_header_custom_menu":"0","ocean_menu_typo_font_family":"0","ocean_menu_typo_font_subset":"","ocean_menu_typo_font_size":0,"ocean_menu_typo_font_size_tablet":0,"ocean_menu_typo_font_size_mobile":0,"ocean_menu_typo_font_size_unit":"px","ocean_menu_typo_font_weight":"","ocean_menu_typo_font_weight_tablet":"","ocean_menu_typo_font_weight_mobile":"","ocean_menu_typo_transform":"","ocean_menu_typo_transform_tablet":"","ocean_menu_typo_transform_mobile":"","ocean_menu_typo_line_height":0,"ocean_menu_typo_line_height_tablet":0,"ocean_menu_typo_line_height_mobile":0,"ocean_menu_typo_line_height_unit":"","ocean_menu_typo_spacing":0,"ocean_menu_typo_spacing_tablet":0,"ocean_menu_typo_spacing_mobile":0,"ocean_menu_typo_spacing_unit":"","ocean_menu_link_color":"","ocean_menu_link_color_hover":"","ocean_menu_link_color_active":"","ocean_menu_link_background":"","ocean_menu_link_hover_background":"","ocean_menu_link_active_background":"","ocean_menu_social_links_bg":"","ocean_menu_social_hover_links_bg":"","ocean_menu_social_links_color":"","ocean_menu_social_hover_links_color":"","ocean_disable_title":"default","ocean_disable_heading":"default","ocean_post_title":"","ocean_post_subheading":"","ocean_post_title_style":"","ocean_post_title_background_color":"","ocean_post_title_background":0,"ocean_post_title_bg_image_position":"","ocean_post_title_bg_image_attachment":"","ocean_post_title_bg_image_repeat":"","ocean_post_title_bg_image_size":"","ocean_post_title_height":0,"ocean_post_title_bg_overlay":0.5,"ocean_post_title_bg_overlay_color":"","ocean_disable_breadcrumbs":"default","ocean_breadcrumbs_color":"","ocean_breadcrumbs_separator_color":"","ocean_breadcrumbs_links_color":"","ocean_breadcrumbs_links_hover_color":"","ocean_display_footer_widgets":"default","ocean_display_footer_bottom":"default","ocean_custom_footer_template":"0","_joinchat":[],"footnotes":""},"class_list":["post-45","page","type-page","status-publish","hentry","entry"],"_links":{"self":[{"href":"https:\/\/centre.gure-etxea.com\/index.php\/wp-json\/wp\/v2\/pages\/45","targetHints":{"allow":["GET"]}}],"collection":[{"href":"https:\/\/centre.gure-etxea.com\/index.php\/wp-json\/wp\/v2\/pages"}],"about":[{"href":"https:\/\/centre.gure-etxea.com\/index.php\/wp-json\/wp\/v2\/types\/page"}],"author":[{"embeddable":true,"href":"https:\/\/centre.gure-etxea.com\/index.php\/wp-json\/wp\/v2\/users\/2"}],"replies":[{"embeddable":true,"href":"https:\/\/centre.gure-etxea.com\/index.php\/wp-json\/wp\/v2\/comments?post=45"}],"version-history":[{"count":7,"href":"https:\/\/centre.gure-etxea.com\/index.php\/wp-json\/wp\/v2\/pages\/45\/revisions"}],"predecessor-version":[{"id":303,"href":"https:\/\/centre.gure-etxea.com\/index.php\/wp-json\/wp\/v2\/pages\/45\/revisions\/303"}],"wp:attachment":[{"href":"https:\/\/centre.gure-etxea.com\/index.php\/wp-json\/wp\/v2\/media?parent=45"}],"curies":[{"name":"wp","href":"https:\/\/api.w.org\/{rel}","templated":true}]}}