{"id":3,"date":"2024-05-05T07:50:29","date_gmt":"2024-05-05T07:50:29","guid":{"rendered":"https:\/\/centre.gure-etxea.com\/?page_id=3"},"modified":"2024-05-10T10:31:48","modified_gmt":"2024-05-10T10:31:48","slug":"politica-de-privacitat","status":"publish","type":"page","link":"https:\/\/centre.gure-etxea.com\/index.php\/politica-de-privacitat\/","title":{"rendered":"Pol\u00edtica de Privacitat"},"content":{"rendered":"<p>Aquesta Pol\u00edtica de privadesa descriu les pol\u00edtiques de CENTRO GERI\u00c0TRIC GURE-ETXEA S.L, C\/ Bail\u00e9n, 28, Barcelona 08010, Espanya, correu electr\u00f2nic: info@gure-etxea.com, tel\u00e8fon: +34675686109\u00a0 sobre la recopilaci\u00f3, l&#8217;\u00fas i la divulgaci\u00f3 de la informaci\u00f3 que recopilem quan feu servir el nostre lloc web ( <a class=\"traceable-link\" href=\"https:\/\/www.gure-etxea.com\" target=\"_blank\" rel=\"noopener noreferrer\">https:\/\/www.gure-etxea.com<\/a> ) (el &#8220;Servei&#8221;). En accedir o utilitzar el Servei, esteu consentint a la recopilaci\u00f3, \u00fas i divulgaci\u00f3 de la vostra informaci\u00f3 d&#8217;acord amb aquesta Pol\u00edtica de privadesa. Si no hi doneu el vostre consentiment, no accediu ni utilitzeu el Servei.<\/p>\r\n<p>Podem modificar aquesta Pol\u00edtica de privadesa en qualsevol moment sense previ av\u00eds i publicarem la Pol\u00edtica de privadesa revisada al Servei. La Pol\u00edtica revisada entrar\u00e0 en vigor 180 dies despr\u00e9s de la publicaci\u00f3 de la Pol\u00edtica revisada al Servei i el vostre acc\u00e9s continu o \u00fas del Servei despr\u00e9s d&#8217;aquest temps constituir\u00e0 la vostra acceptaci\u00f3 de la Pol\u00edtica de privadesa revisada. Per tant, us recomanem que reviseu peri\u00f2dicament aquesta p\u00e0gina.<\/p>\r\n<p><strong>Els seus drets:<\/strong><\/p>\r\n<p>Depenent de la llei que s&#8217;apliqui, \u00e9s possible que tingui dret a accedir i rectificar o esborrar les seves dades personals o rebre una c\u00f2pia de les seves dades personals, restringir o oposar-se al processament actiu de les seves dades, demanar-nos que compartim (portem) la seva informaci\u00f3 personal a una altra entitat, retirar qualsevol consentiment que ens hagi proporcionat per processar les seves dades, dret a presentar una reclamaci\u00f3 davant una autoritat legal i altres drets que puguin ser rellevants segons la legislaci\u00f3 aplicable. Per exercir aquests drets, pot escriure&#8217;ns a info@gure-etxea.com. Respondrem a la seva sol\u00b7licitud d&#8217;acord amb la llei aplicable.<\/p>\r\n<p>Tingui en compte que si no ens permet recopilar o processar la informaci\u00f3 personal requerida o retirar el consentiment per processar-la per als fins requerits, \u00e9s possible que no pugui accedir o utilitzar els serveis per als quals es va sol\u00b7licitar la seva informaci\u00f3.<\/p>\r\n<p><strong>Galetes, etc.<\/strong><\/p>\r\n<p>Per obtenir m\u00e9s informaci\u00f3 sobre com utilitzem aquests elements i les seves opcions en relaci\u00f3 amb aquestes tecnologies de seguiment, consulteu la nostra <a href=\"https:\/\/centre.gure-etxea.com\/index.php\/politica-de-cookies\/\">Pol\u00edtica de cookies.<\/a><\/p>\r\n<p><strong>Seguretat:<\/strong><\/p>\r\n<p>La seguretat de la seva informaci\u00f3 \u00e9s important per a nosaltres i utilitzarem mesures de seguretat raonables per evitar la p\u00e8rdua, l&#8217;\u00fas indegut o l&#8217;alteraci\u00f3 no autoritzada de la seva informaci\u00f3 sota el nostre control. No obstant aix\u00f2, atesos els riscos inherents, no podem garantir la seguretat absoluta i, en conseq\u00fc\u00e8ncia, no podem assegurar ni garantir la seguretat de cap informaci\u00f3 que ens transmeti i ho far\u00e0 sota la seva responsabilitat.<\/p>\r\n<p><strong>Greuge \/ Delegat de protecci\u00f3 de dades:<\/strong><\/p>\r\n<p>Si t\u00e9 alguna pregunta o preocupaci\u00f3 sobre el processament de la seva informaci\u00f3 que est\u00e0 disponible amb nosaltres, pot enviar un correu electr\u00f2nic al nostre Delegat de protecci\u00f3 de dades a CENTRO GERI\u00c0TRIC GURE-ETXEA S.L, C\/ Bail\u00e9n, 28, correu electr\u00f2nic: info@gure-etxea.com. Atendrem les seves preocupacions d&#8217;acord amb la llei aplicable.<\/p>\r\n","protected":false},"excerpt":{"rendered":"<p>Aquesta Pol\u00edtica de privadesa descriu les pol\u00edtiques de CENTRO GERI\u00c0TRIC GURE-ETXEA S.L, C\/ Bail\u00e9n, 28, Barcelona 08010, Espanya, correu electr\u00f2nic: info@gure-etxea.com, tel\u00e8fon: +34675686109\u00a0 sobre la recopilaci\u00f3, l&#8217;\u00fas i la divulgaci\u00f3 de la informaci\u00f3 que recopilem quan feu servir el nostre lloc web ( https:\/\/www.gure-etxea.com ) (el &#8220;Servei&#8221;). En accedir o utilitzar el Servei, esteu consentint [&hellip;]<\/p>\n","protected":false},"author":1,"featured_media":0,"parent":0,"menu_order":0,"comment_status":"closed","ping_status":"open","template":"","meta":{"ocean_post_layout":"","ocean_both_sidebars_style":"","ocean_both_sidebars_content_width":0,"ocean_both_sidebars_sidebars_width":0,"ocean_sidebar":"0","ocean_second_sidebar":"0","ocean_disable_margins":"enable","ocean_add_body_class":"","ocean_shortcode_before_top_bar":"","ocean_shortcode_after_top_bar":"","ocean_shortcode_before_header":"","ocean_shortcode_after_header":"","ocean_has_shortcode":"","ocean_shortcode_after_title":"","ocean_shortcode_before_footer_widgets":"","ocean_shortcode_after_footer_widgets":"","ocean_shortcode_before_footer_bottom":"","ocean_shortcode_after_footer_bottom":"","ocean_display_top_bar":"default","ocean_display_header":"default","ocean_header_style":"","ocean_center_header_left_menu":"0","ocean_custom_header_template":"0","ocean_custom_logo":0,"ocean_custom_retina_logo":0,"ocean_custom_logo_max_width":0,"ocean_custom_logo_tablet_max_width":0,"ocean_custom_logo_mobile_max_width":0,"ocean_custom_logo_max_height":0,"ocean_custom_logo_tablet_max_height":0,"ocean_custom_logo_mobile_max_height":0,"ocean_header_custom_menu":"0","ocean_menu_typo_font_family":"0","ocean_menu_typo_font_subset":"","ocean_menu_typo_font_size":0,"ocean_menu_typo_font_size_tablet":0,"ocean_menu_typo_font_size_mobile":0,"ocean_menu_typo_font_size_unit":"px","ocean_menu_typo_font_weight":"","ocean_menu_typo_font_weight_tablet":"","ocean_menu_typo_font_weight_mobile":"","ocean_menu_typo_transform":"","ocean_menu_typo_transform_tablet":"","ocean_menu_typo_transform_mobile":"","ocean_menu_typo_line_height":0,"ocean_menu_typo_line_height_tablet":0,"ocean_menu_typo_line_height_mobile":0,"ocean_menu_typo_line_height_unit":"","ocean_menu_typo_spacing":0,"ocean_menu_typo_spacing_tablet":0,"ocean_menu_typo_spacing_mobile":0,"ocean_menu_typo_spacing_unit":"","ocean_menu_link_color":"","ocean_menu_link_color_hover":"","ocean_menu_link_color_active":"","ocean_menu_link_background":"","ocean_menu_link_hover_background":"","ocean_menu_link_active_background":"","ocean_menu_social_links_bg":"","ocean_menu_social_hover_links_bg":"","ocean_menu_social_links_color":"","ocean_menu_social_hover_links_color":"","ocean_disable_title":"default","ocean_disable_heading":"default","ocean_post_title":"","ocean_post_subheading":"","ocean_post_title_style":"","ocean_post_title_background_color":"","ocean_post_title_background":0,"ocean_post_title_bg_image_position":"","ocean_post_title_bg_image_attachment":"","ocean_post_title_bg_image_repeat":"","ocean_post_title_bg_image_size":"","ocean_post_title_height":0,"ocean_post_title_bg_overlay":0.5,"ocean_post_title_bg_overlay_color":"","ocean_disable_breadcrumbs":"default","ocean_breadcrumbs_color":"","ocean_breadcrumbs_separator_color":"","ocean_breadcrumbs_links_color":"","ocean_breadcrumbs_links_hover_color":"","ocean_display_footer_widgets":"default","ocean_display_footer_bottom":"default","ocean_custom_footer_template":"0","_joinchat":[],"footnotes":""},"class_list":["post-3","page","type-page","status-publish","hentry","entry"],"_links":{"self":[{"href":"https:\/\/centre.gure-etxea.com\/index.php\/wp-json\/wp\/v2\/pages\/3","targetHints":{"allow":["GET"]}}],"collection":[{"href":"https:\/\/centre.gure-etxea.com\/index.php\/wp-json\/wp\/v2\/pages"}],"about":[{"href":"https:\/\/centre.gure-etxea.com\/index.php\/wp-json\/wp\/v2\/types\/page"}],"author":[{"embeddable":true,"href":"https:\/\/centre.gure-etxea.com\/index.php\/wp-json\/wp\/v2\/users\/1"}],"replies":[{"embeddable":true,"href":"https:\/\/centre.gure-etxea.com\/index.php\/wp-json\/wp\/v2\/comments?post=3"}],"version-history":[{"count":5,"href":"https:\/\/centre.gure-etxea.com\/index.php\/wp-json\/wp\/v2\/pages\/3\/revisions"}],"predecessor-version":[{"id":29,"href":"https:\/\/centre.gure-etxea.com\/index.php\/wp-json\/wp\/v2\/pages\/3\/revisions\/29"}],"wp:attachment":[{"href":"https:\/\/centre.gure-etxea.com\/index.php\/wp-json\/wp\/v2\/media?parent=3"}],"curies":[{"name":"wp","href":"https:\/\/api.w.org\/{rel}","templated":true}]}}