{"id":26,"date":"2024-05-10T10:28:58","date_gmt":"2024-05-10T10:28:58","guid":{"rendered":"https:\/\/centre.gure-etxea.com\/?page_id=26"},"modified":"2024-05-21T09:00:15","modified_gmt":"2024-05-21T09:00:15","slug":"residencia-per-a-gent-gran-gure-etxea","status":"publish","type":"page","link":"https:\/\/centre.gure-etxea.com\/","title":{"rendered":"Resid\u00e8ncia per a Gent Gran Gure-Etxea"},"content":{"rendered":"\t\t<div data-elementor-type=\"wp-page\" data-elementor-id=\"26\" class=\"elementor elementor-26\" data-elementor-post-type=\"page\">\n\t\t\t\t<div class=\"elementor-element elementor-element-9e00a4d e-con-full e-flex e-con e-parent\" data-id=\"9e00a4d\" data-element_type=\"container\" data-settings=\"{&quot;background_background&quot;:&quot;slideshow&quot;,&quot;background_slideshow_gallery&quot;:[],&quot;background_slideshow_loop&quot;:&quot;yes&quot;,&quot;background_slideshow_slide_duration&quot;:5000,&quot;background_slideshow_slide_transition&quot;:&quot;fade&quot;,&quot;background_slideshow_transition_duration&quot;:500}\">\n\t\t\t\t<div class=\"elementor-element elementor-element-11be758 elementor--h-position-center elementor--v-position-middle elementor-arrows-position-inside elementor-pagination-position-inside elementor-widget elementor-widget-slides\" data-id=\"11be758\" data-element_type=\"widget\" data-settings=\"{&quot;transition_speed&quot;:700,&quot;navigation&quot;:&quot;both&quot;,&quot;autoplay&quot;:&quot;yes&quot;,&quot;pause_on_hover&quot;:&quot;yes&quot;,&quot;pause_on_interaction&quot;:&quot;yes&quot;,&quot;autoplay_speed&quot;:5000,&quot;infinite&quot;:&quot;yes&quot;,&quot;transition&quot;:&quot;slide&quot;}\" data-widget_type=\"slides.default\">\n\t\t\t\t<div class=\"elementor-widget-container\">\n\t\t\t\t\t\t\t\t\t<div class=\"elementor-swiper\">\n\t\t\t\t\t<div class=\"elementor-slides-wrapper elementor-main-swiper swiper\" role=\"region\" aria-roledescription=\"carousel\" aria-label=\"Slides\" dir=\"ltr\" data-animation=\"fadeInUp\">\n\t\t\t\t<div class=\"swiper-wrapper elementor-slides\">\n\t\t\t\t\t\t\t\t\t\t<div class=\"elementor-repeater-item-3fc475c swiper-slide\" role=\"group\" aria-roledescription=\"slide\"><div class=\"swiper-slide-bg elementor-ken-burns elementor-ken-burns--in\" role=\"img\"><\/div><a class=\"swiper-slide-inner\" href=\"https:\/\/centre.gure-etxea.com\/index.php\/dades-de-contacte\/\"><div class=\"swiper-slide-contents\"><div class=\"elementor-slide-heading\">Resid\u00e8ncia per a Gent gran Gure Etxea<\/div><div class=\"elementor-slide-description\">Benvinguts al nostre web!<\/div><div  class=\"elementor-button elementor-slide-button elementor-size-sm\">CONTACTAR<\/div><\/div><\/a><\/div><div class=\"elementor-repeater-item-e4c35ba swiper-slide\" role=\"group\" aria-roledescription=\"slide\"><div class=\"swiper-slide-bg\" role=\"img\"><\/div><a class=\"swiper-slide-inner\" href=\"https:\/\/centre.gure-etxea.com\/index.php\/dades-de-contacte\/\"><div class=\"swiper-slide-contents\"><div class=\"elementor-slide-heading\">Resid\u00e8ncia assistida<\/div><div class=\"elementor-slide-description\">Tant per a estades permanents com per a temporals<\/div><div  class=\"elementor-button elementor-slide-button elementor-size-sm\">CONTACTAR<\/div><\/div><\/a><\/div><div class=\"elementor-repeater-item-49e2817 swiper-slide\" role=\"group\" aria-roledescription=\"slide\"><div class=\"swiper-slide-bg\" role=\"img\"><\/div><a class=\"swiper-slide-inner\" href=\"https:\/\/centre.gure-etxea.com\/index.php\/dades-de-contacte\/\"><div class=\"swiper-slide-contents\"><div class=\"elementor-slide-heading\">Atenci\u00f3 Sociosanit\u00e0ria<\/div><div class=\"elementor-slide-description\">Professionals titulats especialitzats en geriatria<\/div><div  class=\"elementor-button elementor-slide-button elementor-size-sm\">CONTACTAR<\/div><\/div><\/a><\/div><div class=\"elementor-repeater-item-5519982 swiper-slide\" role=\"group\" aria-roledescription=\"slide\"><div class=\"swiper-slide-bg\" role=\"img\"><\/div><a class=\"swiper-slide-inner\" href=\"https:\/\/centre.gure-etxea.com\/index.php\/dades-de-contacte\/\"><div class=\"swiper-slide-contents\"><div class=\"elementor-slide-heading\">Cuina pr\u00f2pia<\/div><div class=\"elementor-slide-description\">Men\u00fas supervisats per experts nutricionistes<\/div><div  class=\"elementor-button elementor-slide-button elementor-size-sm\">CONTACTAR<\/div><\/div><\/a><\/div><div class=\"elementor-repeater-item-e6f50f1 swiper-slide\" role=\"group\" aria-roledescription=\"slide\"><div class=\"swiper-slide-bg\" role=\"img\"><\/div><a class=\"swiper-slide-inner\" href=\"https:\/\/centre.gure-etxea.com\/index.php\/dades-de-contacte\/\"><div class=\"swiper-slide-contents\"><div class=\"elementor-slide-heading\">Dinamitzaci\u00f3 sociocultural<\/div><div class=\"elementor-slide-description\">Varietat d'activitats programades<\/div><div  class=\"elementor-button elementor-slide-button elementor-size-sm\">CONTACTAR<\/div><\/div><\/a><\/div><div class=\"elementor-repeater-item-b02eef0 swiper-slide\" role=\"group\" aria-roledescription=\"slide\"><div class=\"swiper-slide-bg\" role=\"img\"><\/div><a class=\"swiper-slide-inner\" href=\"https:\/\/centre.gure-etxea.com\/index.php\/dades-de-contacte\/\"><div class=\"swiper-slide-contents\"><div class=\"elementor-slide-heading\">Un gran equip hum\u00e0<\/div><div class=\"elementor-slide-description\">Atenci\u00f3 centrada en la Persona<\/div><div  class=\"elementor-button elementor-slide-button elementor-size-sm\">CONTACTAR<\/div><\/div><\/a><\/div>\t\t\t\t<\/div>\n\t\t\t\t\t\t\t\t\t\t\t\t\t\t\t<div class=\"elementor-swiper-button elementor-swiper-button-prev\" role=\"button\" tabindex=\"0\" aria-label=\"Previous slide\">\n\t\t\t\t\t\t\t<svg aria-hidden=\"true\" class=\"e-font-icon-svg e-eicon-chevron-left\" viewBox=\"0 0 1000 1000\" xmlns=\"http:\/\/www.w3.org\/2000\/svg\"><path d=\"M646 125C629 125 613 133 604 142L308 442C296 454 292 471 292 487 292 504 296 521 308 533L604 854C617 867 629 875 646 875 663 875 679 871 692 858 704 846 713 829 713 812 713 796 708 779 692 767L438 487 692 225C700 217 708 204 708 187 708 171 704 154 692 142 675 129 663 125 646 125Z\"><\/path><\/svg>\t\t\t\t\t\t<\/div>\n\t\t\t\t\t\t<div class=\"elementor-swiper-button elementor-swiper-button-next\" role=\"button\" tabindex=\"0\" aria-label=\"Next slide\">\n\t\t\t\t\t\t\t<svg aria-hidden=\"true\" class=\"e-font-icon-svg e-eicon-chevron-right\" viewBox=\"0 0 1000 1000\" xmlns=\"http:\/\/www.w3.org\/2000\/svg\"><path d=\"M696 533C708 521 713 504 713 487 713 471 708 454 696 446L400 146C388 133 375 125 354 125 338 125 325 129 313 142 300 154 292 171 292 187 292 204 296 221 308 233L563 492 304 771C292 783 288 800 288 817 288 833 296 850 308 863 321 871 338 875 354 875 371 875 388 867 400 854L696 533Z\"><\/path><\/svg>\t\t\t\t\t\t<\/div>\n\t\t\t\t\t\t\t\t\t\t\t\t\t\t\t\t<div class=\"swiper-pagination\"><\/div>\n\t\t\t\t\t\t\t\t\t\t\t\t<\/div>\n\t\t\t\t<\/div>\n\t\t\t\t\t\t\t\t<\/div>\n\t\t\t\t<\/div>\n\t\t\t\t<\/div>\n\t\t\t\t<\/div>\n\t\t","protected":false},"excerpt":{"rendered":"<p>Resid\u00e8ncia per a Gent gran Gure EtxeaBenvinguts al nostre web!CONTACTARResid\u00e8ncia assistidaTant per a estades permanents com per a temporalsCONTACTARAtenci\u00f3 Sociosanit\u00e0riaProfessionals titulats especialitzats en geriatriaCONTACTARCuina pr\u00f2piaMen\u00fas supervisats per experts nutricionistesCONTACTARDinamitzaci\u00f3 socioculturalVarietat d&#8217;activitats programadesCONTACTARUn gran equip hum\u00e0Atenci\u00f3 centrada en la PersonaCONTACTAR Previous slide Next slide<\/p>\n","protected":false},"author":2,"featured_media":0,"parent":0,"menu_order":0,"comment_status":"closed","ping_status":"closed","template":"","meta":{"ocean_post_layout":"full-screen","ocean_both_sidebars_style":"","ocean_both_sidebars_content_width":0,"ocean_both_sidebars_sidebars_width":0,"ocean_sidebar":"0","ocean_second_sidebar":"0","ocean_disable_margins":"on","ocean_add_body_class":"","ocean_shortcode_before_top_bar":"","ocean_shortcode_after_top_bar":"","ocean_shortcode_before_header":"","ocean_shortcode_after_header":"","ocean_has_shortcode":"","ocean_shortcode_after_title":"","ocean_shortcode_before_footer_widgets":"","ocean_shortcode_after_footer_widgets":"","ocean_shortcode_before_footer_bottom":"","ocean_shortcode_after_footer_bottom":"","ocean_display_top_bar":"default","ocean_display_header":"on","ocean_header_style":"transparent","ocean_center_header_left_menu":"0","ocean_custom_header_template":"0","ocean_custom_logo":13,"ocean_custom_retina_logo":13,"ocean_custom_logo_max_width":250,"ocean_custom_logo_tablet_max_width":0,"ocean_custom_logo_mobile_max_width":0,"ocean_custom_logo_max_height":0,"ocean_custom_logo_tablet_max_height":0,"ocean_custom_logo_mobile_max_height":0,"ocean_header_custom_menu":"2","ocean_menu_typo_font_family":"0","ocean_menu_typo_font_subset":"","ocean_menu_typo_font_size":0,"ocean_menu_typo_font_size_tablet":0,"ocean_menu_typo_font_size_mobile":0,"ocean_menu_typo_font_size_unit":"px","ocean_menu_typo_font_weight":"","ocean_menu_typo_font_weight_tablet":"","ocean_menu_typo_font_weight_mobile":"","ocean_menu_typo_transform":"","ocean_menu_typo_transform_tablet":"","ocean_menu_typo_transform_mobile":"","ocean_menu_typo_line_height":0,"ocean_menu_typo_line_height_tablet":0,"ocean_menu_typo_line_height_mobile":0,"ocean_menu_typo_line_height_unit":"","ocean_menu_typo_spacing":0,"ocean_menu_typo_spacing_tablet":0,"ocean_menu_typo_spacing_mobile":0,"ocean_menu_typo_spacing_unit":"","ocean_menu_link_color":"#ffffff","ocean_menu_link_color_hover":"#03a9f4","ocean_menu_link_color_active":"","ocean_menu_link_background":"","ocean_menu_link_hover_background":"","ocean_menu_link_active_background":"","ocean_menu_social_links_bg":"","ocean_menu_social_hover_links_bg":"","ocean_menu_social_links_color":"","ocean_menu_social_hover_links_color":"","ocean_disable_title":"on","ocean_disable_heading":"default","ocean_post_title":"","ocean_post_subheading":"","ocean_post_title_style":"","ocean_post_title_background_color":"","ocean_post_title_background":0,"ocean_post_title_bg_image_position":"","ocean_post_title_bg_image_attachment":"","ocean_post_title_bg_image_repeat":"","ocean_post_title_bg_image_size":"","ocean_post_title_height":0,"ocean_post_title_bg_overlay":0.5,"ocean_post_title_bg_overlay_color":"","ocean_disable_breadcrumbs":"default","ocean_breadcrumbs_color":"","ocean_breadcrumbs_separator_color":"","ocean_breadcrumbs_links_color":"","ocean_breadcrumbs_links_hover_color":"","ocean_display_footer_widgets":"default","ocean_display_footer_bottom":"default","ocean_custom_footer_template":"0","_joinchat":[],"footnotes":""},"class_list":["post-26","page","type-page","status-publish","hentry","entry"],"_links":{"self":[{"href":"https:\/\/centre.gure-etxea.com\/index.php\/wp-json\/wp\/v2\/pages\/26","targetHints":{"allow":["GET"]}}],"collection":[{"href":"https:\/\/centre.gure-etxea.com\/index.php\/wp-json\/wp\/v2\/pages"}],"about":[{"href":"https:\/\/centre.gure-etxea.com\/index.php\/wp-json\/wp\/v2\/types\/page"}],"author":[{"embeddable":true,"href":"https:\/\/centre.gure-etxea.com\/index.php\/wp-json\/wp\/v2\/users\/2"}],"replies":[{"embeddable":true,"href":"https:\/\/centre.gure-etxea.com\/index.php\/wp-json\/wp\/v2\/comments?post=26"}],"version-history":[{"count":137,"href":"https:\/\/centre.gure-etxea.com\/index.php\/wp-json\/wp\/v2\/pages\/26\/revisions"}],"predecessor-version":[{"id":525,"href":"https:\/\/centre.gure-etxea.com\/index.php\/wp-json\/wp\/v2\/pages\/26\/revisions\/525"}],"wp:attachment":[{"href":"https:\/\/centre.gure-etxea.com\/index.php\/wp-json\/wp\/v2\/media?parent=26"}],"curies":[{"name":"wp","href":"https:\/\/api.w.org\/{rel}","templated":true}]}}